 of 39 and t.
39
Let y be 33/(-6)*(-10)/1. Suppose 10890 = -1129*i + 1147*i. Calculate the greatest common factor of y and i.
55
Let h = 49734 + -49724. Suppose 3*a - 31 = 32. Suppose -9 = -v + a. What is the greatest common factor of v and h?
10
Let f be (-1029)/28 + (-9)/(-12). Let q = f + 153. Let w = 2 - -7. What is the greatest common divisor of w and q?
9
Let g(s) = -7*s + 42 + 4*s + 25*s. Let p be g(14). Let y be 58 - (-3 - 2 - -13). What is the highest common factor of y and p?
50
Suppose -39 + 15 = -4*k. Let q be ((-68)/51)/(0 + (-8)/6). What is the highest common factor of q and k?
1
Let m(l) = -l**2 + 25*l - 7. Let r be (42 - (5 - 9))/(1/2). Suppose 23 = -3*w + r. Let d be m(w). Calculate the highest common divisor of 26 and d.
13
Let p be 4/(-18) - (-266)/(-18). Let g = p + 32. Suppose 13*y = g*y - 80. What is the greatest common divisor of 10 and y?
10
Let x = -271 - -270. Let g be (275/(-22)*x)/((-2)/(-4)). Calculate the greatest common divisor of g and 2.
1
Suppose 2*g - 56 = -2*g. Suppose -10*b + 1073 = -367. Let u be (-2)/(-16) + 0 + 14094/b. What is the greatest common factor of u and g?
14
Let o = 57 - 47. Suppose -o - 2 = -3*c. Suppose 4*u + 5*t = 210, -u + 3*t = c*t - 52. What is the greatest common factor of 20 and u?
10
Let o be 2432/5 + 8/(-20). Let d = 294071 - 294053. Calculate the highest common factor of o and d.
18
Let d be 3452 + 10*15/75. Calculate the highest common factor of 44 and d.
22
Let m(v) = -2*v**2 - 17*v - 30. Let f be (3 - 4)/(-2 - (-54)/24). Let u be m(f). Calculate the greatest common divisor of 4 and u.
2
Let p be (35 - 16 - 14) + 297. What is the greatest common divisor of p and 10?
2
Let j = -36651 - -36697. What is the greatest common factor of j and 6394?
46
Suppose 36*d = 26*d - 20. Let c be (-39*d/(-15))/(8/(-20)). Calculate the highest common divisor of 351 and c.
13
Let z(g) = g**3 - 19*g**2 - 17*g - 24. Let y = 60 - 57. Let q be y/7 - 137/(-7). Let s be z(q). Calculate the highest common factor of s and 18.
18
Suppose 141160 = 10*m + 52958 - 81098. Calculate the greatest common factor of 10 and m.
10
Suppose 7*f - 8*f = -3, -c = 3*f - 1. Let j be 3/c + (-4860)/(-160). What is the greatest common factor of j and 750?
30
Suppose 4*u = -5*k - 5272 + 17383, 3*u - k = 9126. What is the greatest common factor of 12 and u?
3
Let o(b) = -52*b + 3674. Let h be o(-26). Calculate the highest common divisor of h and 14.
14
Let g(b) = b**3 - 27*b**2 + 39*b - 31. Let l be g(25). Let a be (-4)/(l/(-77) + -4). What is the greatest common factor of a and 28?
14
Let b = -274 - -425. Suppose 2*w - o - 165 = 0, -2*o + 145 = 4*w - 165. Let g be b/8 + 10/w. What is the highest common factor of 209 and g?
19
Suppose 596*o - 601*o + 1508 = t, -4*t = -5*o - 6032. Calculate the greatest common divisor of t and 1972.
116
Let b = -6840 - -6925. Calculate the greatest common divisor of b and 10795.
85
Let o(i) = -237*i + 3946. Let p be o(15). What is the greatest common divisor of p and 69?
23
Let n be (-2)/(1554/(-13727)*(2 - 1)/9). What is the greatest common divisor of 132 and n?
3
Let q = 4 - 2. Suppose j = 3*g + 45, -5*j + 5 = 4*g - 258. Suppose j = 17*h - 17. Calculate the greatest common factor of h and q.
2
Let v be ((-24)/10)/(45/(-150)). Let u(d) = 2*d - v - d**3 - 6*d**2 + 27 - d**2. Let q be u(-7). Calculate the greatest common divisor of q and 5.
5
Let n(g) = -g**2 - 2*g + 75. Let w be n(-9). Let x be ((-32)/w)/(11/(-198)). Calculate the greatest common divisor of x and 160.
16
Let a = 76 + -71. Let p(d) = -d + 8. Let i be p(6). Let x = 8 + i. What is the greatest common factor of a and x?
5
Suppose -23 = -m + 2*i + 3*i, -2*m + 28 = -4*i. Suppose -26*f + 42 = 172. Let t be -1 - -10 - ((-30)/f - 5). Calculate the greatest common factor of t and m.
8
Let p be 12008/40 + 180/(-150). Suppose -3*x + 5*x = -k + 27, 0 = k - 3*x - 17. Calculate the greatest common divisor of k and p.
23
Let z = -407 - -404. Let l be (z - 423/(-15))*80/24. What is the greatest common factor of l and 63?
21
Let z = -7351 + 8239. What is the highest common factor of z and 564?
12
Let o = -561 + 583. Let t(j) = 2*j**2 + j**3 + 2 - 2*j**2. Let d be t(4). Calculate the highest common divisor of o and d.
22
Suppose 3*p + 3*u - 24 = 6*u, 3*p = -2*u + 44. Suppose 12*z + 90*z = -41*z + 2145. Calculate the highest common factor of p and z.
3
Let q = -26 - -29. Suppose 797 = q*v - 877. What is the greatest common divisor of 18 and v?
18
Let i be 8/14*126/162 - 3308/(-9). Calculate the highest common factor of 64 and i.
16
Let v(o) = 4*o**3 - 101*o + 12 + 93*o - 5*o**3 - 9*o**2. Let d be v(-8). Suppose 5*x = -0*x + 40. What is the highest common factor of d and x?
4
Suppose -2*t + 44 = 2*t. Let z be (-8 + 19)*2/2. What is the highest common divisor of z and t?
11
Suppose i - 24*i + 253 = 0. Let y = i + 34. What is the highest common factor of y and 36?
9
Let l(u) = 44*u - 110. Let w be l(4). Suppose 2*g + x - w = 91, g - 66 = -3*x. Calculate the greatest common divisor of g and 27.
27
Let l(j) = 486*j**2 + 129*j - 89. Let h be l(3). Calculate the greatest common divisor of 64 and h.
64
Let u = -196 - -781. Let t = u + -515. What is the greatest common divisor of 30 and t?
10
Suppose -131*n + 24761 = 450 - 2020. What is the highest common factor of n and 3?
3
Suppose 5*z = 303 - 958. Let l = z + 77. Let g be 9/l + (-278)/(-12). Calculate the greatest common divisor of g and 46.
23
Let u be 7145/5 + (-352)/(-32). What is the highest common divisor of u and 108?
36
Let l = -36334 + 36455. Let i(h) = -h**3 + 6*h**2 + 2*h - 1. Let z be i(6). What is the highest common factor of z and l?
11
Suppose 1516 + 2222 = -7*a. Let f = 750 + a. Calculate the highest common factor of 27 and f.
27
Let t be 618/((-1067)/(-77) + -13). What is the greatest common factor of t and 21?
7
Let g = -66 + 154. Let q(t) = -2*t**2 + 8*t + 53. Let x be q(7). What is the highest common divisor of g and x?
11
Let l be (-396)/7*196/(-42). What is the highest common factor of l and 363?
33
Suppose 4*c - 7*c = s - 1, -4*c + 2*s = -18. Suppose 0 = -3*k + c + 7, 5*k + 41 = 4*w. What is the greatest common divisor of w and 322?
14
Let q(o) = -53*o - 69. Let u be q(8). Let m = -479 - u. What is the highest common divisor of 126 and m?
14
Let w(j) = -j**3 - 13*j**2 + 10*j - 42. Let o be (50/75)/((-2)/42). Let d be w(o). What is the greatest common factor of 49 and d?
7
Suppose 0*v + 2*v + 33 = h, 0 = 4*h + 4*v - 132. Suppose 8*o - 15*o = 77*o - 7392. Calculate the highest common factor of h and o.
11
Let n be 0/3 - (-417 + -6) - (4 + 3). What is the greatest common divisor of 1976 and n?
104
Let m be (18 + -15)/((-1)/3*-1). Calculate the highest common divisor of m and 41.
1
Suppose -3*g + 48 = -3*h, g - 13 - 11 = 3*h. What is the highest common factor of 25260 and g?
12
Suppose 0 = 79*v - 6*v - 9855. Calculate the greatest common factor of 297 and v.
27
Suppose 2*d + 232 = 298. Suppose d*l - 88*l = -1540. What is the greatest common divisor of l and 4?
4
Let r = -247 + 919. Let v = r - 666. Calculate the greatest common divisor of 750 and v.
6
Let b(g) = g**3 + g**2. Let d be b(1). Suppose d*a - 68 = -i + 61, -5*i - 135 = -2*a. Calculate the greatest common factor of 10 and a.
5
Suppose -839 = 5*n - 1089. Suppose 123 + 2 = i. What is the greatest common divisor of n and i?
25
Suppose -15*z = -13*z - 340. Let b = z - 168. Let a be (2 - -2)*(5 + -4). What is the highest common factor of a and b?
2
Let h = 822 + -184. Let r = -2317 + 2375. Calculate the greatest common divisor of r and h.
58
Let v = 1495 + -795. Suppose 2*l - 2*d = v, 0 = -l + 4*d + 256 + 91. What is the highest common divisor of 26 and l?
13
Let o(g) = -g - 1. Let l(s) = -2*s + 2. Let k(n) = l(n) + o(n). Let u be k(-12). Suppose -u + 127 = 5*q. Calculate the highest common divisor of 27 and q.
9
Let l(y) = -37*y - 1. Let s be l(-1). Let n = 138 - s. What is the greatest common divisor of 68 and n?
34
Let m = 4569 + -4377. What is the greatest common divisor of m and 732?
12
Let x be -537 - -564 - 3/((-3)/2). What is the highest common divisor of 6931 and x?
29
Let u(p) = p + 105. Let d be u(0). Let l(o) = -8*o**3 + 46*o**2 + 11*o + 27. Let m be l(6). Calculate the greatest common divisor of d and m.
21
Suppose 8